s the units digit of f(-11)?
8
Suppose 2*y + 2*n = y + 687, -4*y + 2739 = 5*n. What is the units digit of y?
1
Suppose 373 = -4*k + 333. What is the units digit of k/(-25) - (-2)/((-10)/(-1263))?
3
Suppose -2*l - 3*j + 187 + 29 = 0, -4*j - 216 = -2*l. Suppose 7*y = 3*c + 11*y - 70, 2*y + l = 4*c. What is the tens digit of c?
2
Suppose -4 = -j + 3*j. Let z(b) = b + 6. What is the units digit of z(j)?
4
Suppose 324*y - 8655 = 321*y. What is the thousands digit of y?
2
What is the tens digit of -135*14/35*(-9)/3?
6
Suppose 5*a = 2333 + 1712. What is the tens digit of a?
0
Let b(t) = -t**2 - 8*t - 8. Let i be b(-6). Suppose -i*g + 1068 = -0*g. What is the units digit of g/12 + (-2)/8?
2
Suppose 3*u + 7 = s, 5*s + 2*u - 4*u + 30 = 0. Let i(k) = k**3 + 9*k**2 - 10*k + 1. What is the hundreds digit of i(s)?
1
Let a = 13 + -10. Let h(m) = -m**3 + 4*m**2 - 5*m + 4. Let o be h(a). What is the tens digit of o/3*(-78)/4?
1
What is the hundreds digit of 6/(-9*9/(-23895))?
7
What is the units digit of (232/40)/(1/5)?
9
Let b = -394 + 1581. What is the thousands digit of b?
1
Suppose 3*o - 4*y = -o + 8, 0 = -4*o + 3*y + 11. Let x(n) = n**2 + 5*n - 2. Let z be x(-5). Let j = o - z. What is the units digit of j?
7
Let f = -25 + 23. What is the tens digit of (3 + (f - -213))*(-1)/(-2)?
0
Let x(t) = -t**2 - 26*t - 34. Let u be x(-13). Suppose 785 - u = 5*i. What is the units digit of i?
0
Let w(m) = m**3 + 5*m**2 + 5*m + 5. Let q be w(-3). Let z(v) = 3*v**2 - v - 26. What is the tens digit of z(q)?
5
Let m(v) = 2*v**2 - 3*v + 6. Let f be m(-9). Suppose 0 = 2*i + 3*b + f, -2*i - 5*b - 102 = 103. What is the tens digit of ((-4)/(-10))/((-2)/i)?
1
Let n(k) = 7*k - 43. Let v be n(23). Suppose 0 = -5*q + 4*d + 754, 333 = 3*q - d - v. What is the tens digit of q?
5
Let r = -3415 + 9231. What is the hundreds digit of r?
8
Let j(b) = b**2 + 9*b + 15. Let h be j(-7). What is the tens digit of (180/3)/(h - 0)?
6
Suppose 48*a - 61*a = -13572. What is the thousands digit of a?
1
Suppose 9*k = 7*k - 544. Let d = -188 - k. What is the units digit of d?
4
Let o = 364 - 131. Suppose 2*y + 3*t - 5*t = 118, t = 4*y - o. What is the tens digit of y?
5
Let b(z) = -5*z - 12. Let p be b(-12). What is the units digit of (-8)/44 - (p/(-22) + -2)?
4
Suppose 4*m - 191 - 155 = -z, -5*m = -5*z - 420. Let p = m + 124. What is the units digit of p?
0
Suppose 17*a - 27457 - 17389 = 0. What is the tens digit of a?
3
Let q(d) be the first derivative of d**4/12 + 3*d**3/2 - d**2/2 - 8. Let m(t) be the second derivative of q(t). What is the units digit of m(9)?
7
Suppose p + 6 = -2*b, 5*p - b - b = 6. Let m be p/((1 - -3) + -5). Suppose -110 = -2*i - 4*k, i - 4*k = -m*i + 85. What is the tens digit of i?
6
Let q(k) = 5*k**3 - 13*k**2 + 28*k - 9. What is the units digit of q(6)?
1
Let a(w) = -w**3 + 3*w**2 - 4*w - 3. Suppose 3*r - 5*n = -5, -r + 0 - 13 = 4*n. What is the tens digit of a(r)?
1
Suppose -5*r + 3*w = -15, 4*r - 18 = 2*w - 4. Suppose 11*o - 13*o = -r. Suppose -y - o*y = -112. What is the tens digit of y?
2
Let w = -130 + 772. What is the hundreds digit of w?
6
Let n(c) = 2*c + 3. Let p be n(3). Let m(q) = -2*q**2 + 68*q + 15. Let u(g) = g**2 - 31*g - 7. Let j(a) = -3*m(a) - 7*u(a). What is the tens digit of j(p)?
4
Let l be 1080/48 - 1/2. Suppose 0 = 3*d - 11 - l. Suppose -d*g + 198 = -5*g. What is the units digit of g?
3
Let g(j) = -j**3 + 9*j**2 - 7*j - 2. Let w be (1/2)/((-1)/(-16)). Let m be g(w). Suppose 0 = -2*y - 5*b + 18, y + b + 6 = m*b. What is the units digit of y?
4
Let w(i) = -17*i + 12. Let g be w(-4). What is the units digit of (2 - 5) + 7/(28/g)?
7
Let z(g) = -g + 28. Let k(w) = 12*w**3 + 2*w**2 - w. Let r be k(1). What is the tens digit of z(r)?
1
Let u(y) = 2*y**3 + 6*y - 3*y + 7*y - 3*y**3 + 7*y**2 - 2. What is the units digit of u(7)?
8
Let s = -4 - -4. What is the tens digit of (38 - (-2 - s))/1?
4
Let o(u) = u - 5. Let n be o(11). Let k(y) = y**2 - 5*y - 7. Let d be k(n). What is the units digit of 2/1*(-2)/d?
4
Suppose 0 = 26*y - 28*y + 38. Suppose 2*h - u = 2*u + 21, 0 = 3*h - 2*u - y. Suppose 3*p + 65 = j + 20, -h*p + 297 = 5*j. What is the tens digit of j?
5
Let k = 43 - 43. Suppose y - 195 - 3 = -5*r, k = -r + y + 42. What is the units digit of r?
0
Let g(x) = 2*x - 24*x**2 - 1 - 2*x. Let c be g(1). What is the tens digit of (-4 - -3)/1*c?
2
Let h(c) = -c**2 - 48*c + 36. What is the units digit of h(-39)?
7
Suppose k = -3*i + 3421, k - 3419 = -3*i + 2*k. What is the hundreds digit of i?
1
What is the hundreds digit of ((-12)/(-14))/(81/26271)?
2
Suppose 2*q = 8 + 308. Let g = -84 - -92. Suppose g = -5*w + q. What is the tens digit of w?
3
Let w be 9/(-12) - 118/(-8). Let o = w + 45. What is the tens digit of o?
5
Suppose 65*p - 1414 = 63*p. What is the tens digit of p?
0
Let p(l) = -5*l**2 + 4*l - 62. Let o(i) = -3*i**2 + 3*i - 31. Let r(f) = -7*o(f) + 4*p(f). What is the tens digit of r(10)?
1
Suppose 7*r - 6261 = 4869. What is the units digit of r?
0
Let c(x) = -4*x**2 + 3*x**2 + 6*x**2 + 96*x**3 - 3*x**2 - x. What is the tens digit of c(1)?
9
Suppose -15777 = -4*x - 3*k, 4*x = 4*k - k + 15807. What is the thousands digit of x?
3
Let o be -129*(-3 + 5) + -1. Let t = 485 + o. What is the hundreds digit of t?
2
Let q = 10 + -18. Let c(o) = -o**3 - 7*o**2 + 8*o. Let r be c(q). What is the units digit of (r - -1) + (9 - 5)?
5
Suppose -4*d + 6006 = -6594. What is the hundreds digit of d?
1
Suppose -4*q = 11*q - 60. What is the units digit of -7*(q + 62/(-14)) + 155?
8
Let u(c) = 5*c - 2. Let n(p) = p - 1. Let y(g) = -6*n(g) + u(g). What is the units digit of y(2)?
2
Suppose -5502 = -8*k + 1714. What is the units digit of k?
2
Suppose h + 4*b - 501 = 0, b + 2553 = 5*h + 5*b. What is the tens digit of h?
1
Let a(i) = i**3 + 3*i**2 - 4*i + 320. What is the hundreds digit of a(0)?
3
Suppose -5*p + 16 + 34 = -5*n, 5 = -n. Let g = 41 + -21. Suppose 5*d = 0, p*c + d - g - 45 = 0. What is the units digit of c?
3
Suppose 5*s - 66 = 7*s. Let o = 72 - s. What is the units digit of o?
5
Suppose 69 = 84*p - 81*p. What is the tens digit of p?
2
Suppose -h - 18 = -t + 3, -5*h = 3*t - 47. Let k(b) = b + 8. Let p be k(6). What is the tens digit of t/2 + 7/p?
1
Suppose 5*v - 9*v + 1580 = 4*p, v = -3*p + 1195. What is the hundreds digit of p?
4
Let l be (-2)/(1 - 21/(-27) - 2). What is the hundreds digit of (15/10)/(l/606)?
1
Let v = -1049 + 2254. What is the hundreds digit of v?
2
Suppose 3*d + 16 = 4, -36 = -4*w + 5*d. Suppose 0 = -5*o + 2*i + 47, 2*o - 4*o + w*i = -22. What is the units digit of o?
9
What is the hundreds digit of (-2458*(-2)/(-6))/((-10)/15)?
2
Let k = 16 + -13. Suppose 2*z - k*c - 7 = 24, -50 = -5*z + 2*c. What is the units digit of z/(-20) - (-14)/10?
1
Let c(r) = 3*r**3 + r**2 - 2*r + 1. Let j be c(1). Let o(v) = -4*v + 0*v - 8*v**2 + v**j + 11 - 4*v. What is the tens digit of o(9)?
2
Let t(x) = 91*x + 26. What is the units digit of t(6)?
2
Let n(z) = -3*z - 13. What is the tens digit of n(-8)?
1
Let v = -77 + 415. What is the tens digit of v?
3
Suppose 2*q = 599 + 67. What is the units digit of q?
3
Suppose 3*b - 11 - 1 = 0. What is the tens digit of 84/(-22) + b - (-6792)/33?
0
What is the tens digit of 69513/145 - (-4)/(-10)?
7
Let b(m) = m**2 - 6*m + 5. Let u = -3 + 8. Let q be b(u). Suppose 4*d - 8 = q, -5*g + 112 = -2*d + 3*d. What is the tens digit of g?
2
Suppose -r + 4 = -5. What is the units digit of 1/(-3) - (-75)/r?
8
Let n(o) = o**3 - o**2 + 6*o + 10. What is the hundreds digit of n(6)?
2
Suppose -5*n - 100 = -10*n. Suppose 4*z - 152 + n = 0. Let c = -10 + z. What is the units digit of c?
3
Let x = -27 - -28. What is the units digit of (4 - (-26)/(-6))/(x/(-249))?
3
Let r be (-152)/4*-2 - (-4 - 0). Suppose 4*n + 10 = 5*t, n + t + 3*t = 8. Suppose -2*j + 100 = -n*w + 5*w, 0 = -5*w + 2*j + r. What is the tens digit of w?
1
Let a(v) = -v**2 + 16*v - 15. Let w be a(15). Suppose w = 14*q - 13*q. Suppose 60 = 5*s - 2*u - u, -5*s - 4*u + 95 = q. What is the units digit of s?
5
Let r(n) = 9*n**2 - 6*n + 7. Let x be r(3). Suppose c + x = 191. What is the units digit of c?
1
Let s(z) = -z**2 - z - 12. Let r be s(0). Let j be -3 + 4/r*-15. Suppose -50 = -j*c - 8. What is the units digit of c?
1
Let x = 2619 + -1538. What is the thousands digit of x?
1